 j(c) = c**2 - 2*c + 1. Let b(w) = -w**2 - 16*w - 27. Let i be b(-14). Let a be (-11 + 5)*i/(-2). Suppose -a*l - l = -8. Give j(l).
1
Suppose 0 = w - 3 - 0. Suppose 0 = 2*h - 1 - w. Suppose 3*a - h*v - 12 = -v, -4*a - v + 9 = 0. Let q(o) = o**3 - 4*o**2 + o + 3. Give q(a).
-3
Let h(g) be the second derivative of g**6/60 + g**5/15 + g**4/6 + g**3/2 - g**2/2 - 5*g. Let r(c) be the first derivative of h(c). Let a = 5 + -7. Give r(a).
-5
Suppose -s + 1 = -1. Suppose 0 = 3*t - 5*m + 2*m - 12, 6 = s*t - m. Let a(v) = 1 + 0*v**2 + 5*v - 8*v + v**t. Give a(3).
1
Let g(q) be the first derivative of q**5/20 - q**4/12 - q**3/6 + 4*q**2 + 16*q - 29. Let t(s) be the first derivative of g(s). What is t(0)?
8
Let p(f) = -f. Let n = -341 - -346. Let c be 1/(-1)*(1 + -1). Let a = c + n. Determine p(a).
-5
Let s(j) = j. Let q(f) = f. Let y(d) = -3*q(d) + 4*s(d). Let k be y(4). Let c(i) = -9*i**3 - 8*i**3 - k*i + 5*i**3 + 3*i. Determine c(-1).
13
Let n(i) = -48*i**3 - 62*i**2 - 20*i + 92. Let s(z) = 17*z**3 + 21*z**2 + 7*z - 31. Let x(o) = -6*n(o) - 17*s(o). Give x(15).
-10
Let f(h) = -6*h**2 + h**3 + 2 + h + 1 + 0*h**3. Suppose -o = 3*s, -3*o - 19 = 2*o - 4*s. Let v be (o + 52/20)/(1/(-15)). Calculate f(v).
9
Let s(k) = 5*k**2 - 3*k - 6. Let r(v) be the third derivative of -v**5/10 + v**4/6 + 7*v**3/6 + 7*v**2. Let x(h) = 4*r(h) + 5*s(h). Determine x(-4).
10
Let j(i) = i**3 + 3*i**2 - i - 3. Let w(n) = 2*n - 58. Let p be w(28). Determine j(p).
3
Let a(u) be the second derivative of u**4/12 + u**3/6 + 8*u**2 - 8*u. Let c = 36 + -36. Give a(c).
16
Let r(c) = -5*c - 12. Let g(m) = 3*m + 7. Let n(l) = 7*g(l) + 4*r(l). What is n(-8)?
-7
Let l(m) be the first derivative of -1/2*m**2 + 29 - 4*m. Calculate l(-5).
1
Let j(m) = -m**2 - 5*m + 2. Let k = 21 - 17. Suppose 3*o = k*o - 2. Let r be ((-1)/3)/(o/30). What is j(r)?
2
Let s(m) = -m**3 + 7*m**2 + m - 17. Let b be (-68)/(-153) - 118/(-18). Give s(b).
-10
Let b(v) = v**2 + 5*v**2 - 9*v**2. Suppose 0 = -6*y - 97 - 23. Let j = -22 - y. Calculate b(j).
-12
Suppose 16 = -89*h + 93*h. Suppose 2*u + 6 = h*u. Let l(c) be the third derivative of -c**6/120 + c**5/20 + c**4/24 + c**3/3 - c**2. Calculate l(u).
5
Let a(n) = -n**3 - 7*n**2 + 2*n + 6. Let o = -49 - 10. Let f = o - -134. Let u be 4/(-22) - f/11. Give a(u).
-8
Let f(z) = z**2 - 5. Let n be (-7)/((-70)/(-32))*-15. Let x = -48 + n. Determine f(x).
-5
Let i(l) = -l**2 + 11*l + 25. Let d be -4 - (-13 + 66/6). Calculate i(d).
-1
Suppose -d + 5*d - 16 = 0. Suppose -2*v + 3*b + 20 = -0*v, 5*b - 20 = -2*v. Suppose d*p - 6*p = v. Let z(w) = -w**2 - 4*w - 6. What is z(p)?
-11
Suppose 8*h - 3*h = 2*a - 154, -3*h = 5*a - 385. Suppose -80*w + a*w = 15. Let u(c) = c**3 + 4*c**2 - 8*c - 6. Calculate u(w).
9
Let s = -46 - -48. Let t(x) = -56*x**2 - 3*x + x**3 + 57*x**2 + 6 - 3. Give t(s).
9
Let u(w) = 0*w - 3*w + 5 + w. Let k(t) = 1. Let b(n) = -3. Let d(y) = -b(y) - 4*k(y). Let m(j) = -4*d(j) - u(j). Determine m(-2).
-5
Let i be (4/6)/((-11)/(-66)). Let x be (0 - (-1 + i)) + -3. Let f(j) = -j**3 - 7*j**2 - 6*j - 4. Calculate f(x).
-4
Let f(p) = -p**2 - 3*p - 3. Let c(t) be the second derivative of t**5/20 + t**4/3 - t**3/6 + 2*t**2 - t. Let a be c(-4). Let w = 4 - a. Calculate f(w).
-7
Let m(n) be the second derivative of n**3/2 + n**2/2 + 10*n. Give m(-4).
-11
Let f(v) = -v + 3. Let h(x) = 4*x - 14. Let p(d) = -9*f(d) - 2*h(d). What is p(-9)?
-8
Let f(v) = v**3 - 8*v**2 + 7*v + 1. Let r(j) = 76*j + 7. Let w be r(0). Calculate f(w).
1
Let r(o) = o - 1. Let g(u) = -5. Let t be 1/3*(3 - 9). Let m(h) = t*r(h) + 2*g(h). What is m(6)?
-20
Let b(q) = 5*q - 22. Let i be b(5). Let k be i*(4 + (-5)/1). Let v(y) = -y**3 - y**2 + 5*y + 3. Give v(k).
6
Let j be (-12)/(-3) - (-1 + -2). Suppose -4 = -u + p, u + 3*p + j = 3*u. Let w(y) = -y + 7. Calculate w(u).
2
Let p(b) = -114*b + 106*b - 3 - 3. Give p(-4).
26
Let l = -31 - -36. Let c(v) = -5 + 3*v**2 - l*v**2 + 3*v**2 + 2*v + 4. Suppose 2*t = 4*t + 8. Give c(t).
7
Suppose 0 = -5*z + 5*v - 9*v - 22, 2*v = z - 4. Let i(j) = 4*j**2 + j. Give i(z).
14
Let c(y) = 2*y - 3. Let h = -1496 + 1506. Calculate c(h).
17
Let g(o) be the second derivative of o**6/360 + o**5/24 + o**4/12 + o**3 - 29*o. Let r(x) be the second derivative of g(x). Give r(-6).
8
Let b(h) = h**2 + 2*h - 3. Let g be b(-3). Suppose p - 1 = -g*p. Let y(q) = 2*q - q + 1 + p. Determine y(-1).
1
Let a(k) be the first derivative of -k**4/4 + 2*k**3/3 + 2*k**2 - 2*k + 32. What is a(3)?
1
Let c be 4 + (1 - 0/(-2)). Let y(k) = -k + 4*k - k - 6. Let v be y(c). Let g(p) = -p**3 + 5*p**2 - 3*p + 4. Give g(v).
8
Let i be (14/(-8))/(12/96). Let l = i - -19. Let f(z) be the third derivative of -z**5/60 + z**4/6 + z**3/3 + 2*z**2. Calculate f(l).
-3
Let q(y) = -5*y**3 - 5*y**2 - y - 1. Let g(x) = -7*x**3 - 5*x**2 - 2*x. Let k(d) = -3*g(d) + 4*q(d). Calculate k(3).
-16
Let q(y) = -2*y + 2. Let a be (-198)/77 - (-9)/(-21). Give q(a).
8
Let u(g) be the second derivative of g**5/20 - 7*g**4/12 + 2*g**3/3 + 7*g**2/2 + 8*g - 5. Calculate u(6).
-5
Let p(f) = f**3 - f + 9. Let d = -10 + 15. Suppose 2*c + 5*h + 5 = -10, d*c = h + 3. Determine p(c).
9
Suppose 0 = 2*r - 5*u - 5 - 15, 5*r - 50 = 3*u. Let f(m) = -5*m + m + r*m - 1. What is f(3)?
17
Let y(t) = -t**3 + t**2 - 16. Suppose -3*k + 0*k + 4*s = -72, k + s = 24. Let d = 24 - k. Give y(d).
-16
Let d(x) be the first derivative of -4 + 2*x**2 + x + 1/3*x**3. Give d(-4).
1
Suppose -3*t + 17 = 2*l, 4*t - 13 + 1 = 0. Suppose 0 = 2*o - 5*k - 5, 5*k + 3 = -l*o + 2*k. Let s(w) = w + 7. Calculate s(o).
7
Let j(x) = -2*x - 13. Let n(g) = -g - 3. Let b(m) = -j(m) + 4*n(m). What is b(6)?
-11
Suppose 3*i = 4*i - 9. Let c = i - 11. Let m(r) = -3*r**2 - 3*r - 2. Let t(a) = a**2. Let d(h) = m(h) + 2*t(h). Determine d(c).
0
Let n(l) be the third derivative of l**6/120 - 2*l**5/15 - 5*l**4/12 + l**3 + 50*l**2. Give n(9).
-3
Let i(z) = -12*z**3 - 2*z - 1. Suppose 39*q = 17*q - 22. What is i(q)?
13
Let k(f) = -2*f**2 + 8*f + 5. Suppose 2*u = 5*q + 2, u - 2*q = 6*u - 34. Calculate k(u).
-19
Let i(c) = -8*c - 27. Let k(r) = 3*r + 9. Let z(x) = 4*i(x) + 11*k(x). Suppose 175 - 191 = -4*l. Calculate z(l).
-5
Let h = 13 - 8. Suppose m - 2*l - 17 = -7*l, 5*l - h = 5*m. Let n(g) be the second derivative of g**3/2 + g**2/2 + g. What is n(m)?
7
Suppose 7*x + 63 = 14. Let r(n) = 2*n + 8. Calculate r(x).
-6
Let t(j) = -3*j - 4. Let b = -20 - -27. Calculate t(b).
-25
Let o(x) = x**3 - 6*x**2 - 7*x - 2. Let k = 47 - 39. Suppose -21 = k*q - 11*q. Determine o(q).
-2
Let s be (52/(-91))/((-4)/(-42)). Let m(a) = -a**3 - 6*a**2 + 2*a + 2. Calculate m(s).
-10
Let d(n) = -2*n**2 + 1. Suppose 5*b - 28 = b - 5*l, 0 = -3*l + 12. Determine d(b).
-7
Let n(p) = -p - 4. Let g be 3/(-9)*33 + (7 - 2). Determine n(g).
2
Let x(q) = q**3 + 4*q**2 - 4. Let j be x(-3). Let f(o) = 4 + 0*o**3 + o**3 + 1 + 7*o + 0*o**3 + j*o**2. Give f(-4).
-7
Let m(i) = -2*i**2 - 11*i - 12. Let k be m(-5). Let r(w) = 7*w**3 - w - 9. Let p(n) = -15*n**3 + n**2 + n + 19. Let d(g) = -6*p(g) - 13*r(g). Calculate d(k).
3
Suppose -2*i = 0, -5*i + 3*i + 14 = 2*y. Let h be (-3 + (-12)/(-3))*y. Suppose 0 = 2*l - 5 + h. Let m(t) = 5*t - 1. Calculate m(l).
-6
Let y(m) = m**2 - 30*m - 1. Let p be y(30). Let u(q) = 45*q**3 + 1. What is u(p)?
-44
Let j(g) = g + 7. Let z(l) = l**3 + l**2 - l - 9. Let h be z(0). Let f = h - -22. Suppose v = 8 - f. Calculate j(v).
2
Let q(m) = m - 965*m**3 + 489*m**3 + 472*m**3. Give q(-1).
3
Let n(j) = -j**3 + 6*j**2 + 2*j + 3. Let u(m) = -m**3 + 13*m**2 - 28*m - 14. Let z be u(10). Give n(z).
15
Let h(v) = 2*v**2 + 128. Let s be h(0). Let a(y) = s*y**2 - 132*y**2 + 0*y**3 - 5*y - 2 - y**3. Calculate a(-3).
4
Let p(t) be the second derivative of t**5/20 - t**4/6 + t**2/2 - 814*t. Suppose 0 = 4*g - 4. Calculate p(g).
0
Let z(q) be the second derivative of -q**6/180 - q**5/60 - q**4/3 + 12*q. Let y(u) be the third derivative of z(u). Determine y(-2).
6
Let x(y) be the second derivative of y**5/60 - 2*y**3/3 - y**2/2 + 6*y. Let m(r) be the first derivative of x(r). Let s = -1 + 1. Determine m(s).
-4
Suppose -83*p = -91*p + 8. Let c(i) = 8*i - 1. Give c(p).
7
Let d(i) = -i**3 + 6*i**2 - 2*i - 3. Let j(u) = 2*u**2 + 1063 + u - 1065 + 2*u**3 - 16*u**2. Let g be j(7). Calculate d(g).
12
Let t be (-252)/(-30)